{"id":5587,"date":"2025-01-24T13:10:38","date_gmt":"2025-01-24T13:10:38","guid":{"rendered":"https:\/\/www.realcolegio.pt\/?page_id=5587"},"modified":"2026-04-08T13:01:03","modified_gmt":"2026-04-08T12:01:03","slug":"open-day-rcp-2026","status":"publish","type":"page","link":"https:\/\/realcolegio.pt\/en\/open-day-rcp-2026\/","title":{"rendered":"Open Day RCP 2026"},"content":{"rendered":"<p>[et_pb_section fb_built=&#8221;1&#8243; admin_label=&#8221;section&#8221; _builder_version=&#8221;3.22&#8243;][et_pb_row _builder_version=&#8221;4.9.4&#8243; _module_preset=&#8221;default&#8221; min_height=&#8221;84px&#8221;][et_pb_column type=&#8221;4_4&#8243; _builder_version=&#8221;4.9.4&#8243; _module_preset=&#8221;default&#8221;][et_pb_image src=&#8221;https:\/\/realcolegio.pt\/wp-content\/uploads\/2026\/03\/Identidade-Open-Day-1.png&#8221; alt=&#8221;Identidade Open Day&#8221; title_text=&#8221;Identidade Open Day&#8221; align=&#8221;center&#8221; _builder_version=&#8221;4.9.4&#8243; _module_preset=&#8221;default&#8221;][\/et_pb_image][et_pb_text _builder_version=&#8221;4.9.4&#8243; _module_preset=&#8221;default&#8221;]<\/p>\n<p><span>No Real Col\u00e9gio de Portugal acreditamos que a educa\u00e7\u00e3o \u00e9, acima de tudo, uma jornada pessoal. Cada aluno traz consigo talentos, curiosidades, desafios e sonhos pr\u00f3prios. Por isso, o nosso Projeto Educativo assenta numa convic\u00e7\u00e3o simples, mas profunda:\u00a0<\/span><strong><span>cada aluno merece um percurso que respeite a sua individualidade e potencie o melhor de si.\u00a0<\/span><\/strong><span><\/span><\/p>\n<p><span>\u00c9 com este esp\u00edrito que organizamos o nosso <\/span><span class=\"il\">Open <\/span><span class=\"il\">Day<\/span><strong><span> no dia 16 de Abril 2026, \u00e0s 16h30<\/span><\/strong><span>, um momento especial pensado para dar a conhecer a ess\u00eancia do RCP e de toda a nossa Comunidade Educativa. Ao longo desta visita, ter\u00e1 a oportunidade de <\/span><strong><span>conhecer as nossas instala\u00e7\u00f5es<\/span><\/strong><span>, c<\/span><strong><span>ompreender a nossa oferta formativa<\/span><\/strong><span>\u00a0e\u00a0<\/span><strong><span>estar em contacto direto com a equipa que acompanha diariamente as nossas alunas e alunos no seu desenvolvimento acad\u00e9mico e pessoal<\/span><\/strong><span>.\u00a0<\/span><\/p>\n<p><span>Mais do que apresentar um col\u00e9gio,\u00a0<\/span><strong><span>queremos partilhar uma vis\u00e3o de educa\u00e7\u00e3o pautada pela<\/span><\/strong><span>\u00a0proximidade, exig\u00eancia e valores humanistas, onde cada aluno \u00e9 visto, ouvido e acompanhado de forma \u00fanica.\u00a0<\/span><\/p>\n<p><span>Este ser\u00e1 tamb\u00e9m um momento privilegiado para esclarecer quest\u00f5es, descobrir as diferentes etapas do percurso escolar no col\u00e9gio, conhecer melhor as nossas atividades extracurriculares e os nossos parceiros, bem como perceber de que forma promovemos o desenvolvimento integral dos nossos alunos, preparando-os para os desafios do futuro com conhecimento, responsabilidade e confian\u00e7a.<\/span><\/p>\n<p><span>Consulte o programa geral do dia <a href=\"https:\/\/realcolegio.pt\/wp-content\/uploads\/2026\/03\/Programa-Geral-Open-Day_RCP.pdf\" target=\"_blank\" rel=\"noopener\">AQUI<\/a>.<\/span><\/p>\n<p>[\/et_pb_text][et_pb_button button_url=&#8221;https:\/\/forms.gle\/1s98Gs3EgRt8MGMz6&#8243; url_new_window=&#8221;on&#8221; button_text=&#8221;Inscri\u00e7\u00f5es Aqui&#8221; button_alignment=&#8221;center&#8221; _builder_version=&#8221;4.9.4&#8243; _module_preset=&#8221;default&#8221; custom_button=&#8221;on&#8221; button_text_color=&#8221;#F9B91D&#8221; button_bg_color=&#8221;#0C71C3&#8243; custom_margin=&#8221;||25px|||&#8221; box_shadow_style=&#8221;preset1&#8243;][\/et_pb_button][\/et_pb_column][\/et_pb_row][et_pb_row column_structure=&#8221;1_2,1_2&#8243; _builder_version=&#8221;4.9.4&#8243; _module_preset=&#8221;default&#8221;][et_pb_column type=&#8221;1_2&#8243; _builder_version=&#8221;4.9.4&#8243; _module_preset=&#8221;default&#8221;][et_pb_blurb title=&#8221;Os Primeiros Passos&#8221; image=&#8221;https:\/\/realcolegio.pt\/wp-content\/uploads\/2026\/03\/OP-Pre-Escolar.png&#8221; alt=&#8221;Open Day Pr\u00e9-Escolar&#8221; _builder_version=&#8221;4.9.4&#8243; _module_preset=&#8221;default&#8221; custom_padding=&#8221;||16px|||&#8221;]<\/p>\n<p>Nesta fase t\u00e3o especial, cada crian\u00e7a inicia o seu percurso de aprendizagem num ambiente seguro, acolhedor e estimulante, onde o brincar, a curiosidade e a descoberta caminham de m\u00e3os dadas. Valorizamos o ritmo individual de cada aluno, promovendo o desenvolvimento das suas compet\u00eancias sociais, emocionais e cognitivas desde os primeiros momentos.<\/p>\n<p>Consulte o programa para a Pr\u00e9 <a href=\"https:\/\/realcolegio.pt\/wp-content\/uploads\/2026\/03\/Open-Day_RCP_Programa_Pre.pdf\" target=\"_blank\" rel=\"noopener\">AQUI<\/a>.<\/p>\n<p>[\/et_pb_blurb][\/et_pb_column][et_pb_column type=&#8221;1_2&#8243; _builder_version=&#8221;4.9.4&#8243; _module_preset=&#8221;default&#8221;][et_pb_blurb title=&#8221;Explorar o Meu Caminho&#8221; image=&#8221;https:\/\/realcolegio.pt\/wp-content\/uploads\/2026\/03\/OP-1o-ciclo.png&#8221; alt=&#8221;Open Day 1.\u00ba Ciclo&#8221; _builder_version=&#8221;4.9.4&#8243; _module_preset=&#8221;default&#8221; hover_enabled=&#8221;0&#8243; sticky_enabled=&#8221;0&#8243;]<\/p>\n<p>Nesta etapa fundamental, cada aluno \u00e9 incentivado a descobrir os seus interesses, desenvolver a sua autonomia e construir o seu pr\u00f3prio percurso de aprendizagem. Num ambiente din\u00e2mico e estimulante, promovemos a curiosidade, o pensamento cr\u00edtico e o gosto pelo saber, respeitando sempre o ritmo e as potencialidades de cada crian\u00e7a.<\/p>\n<p><span>Consulte o programa para o 1.\u00ba CEB\u00a0<\/span><a href=\"https:\/\/realcolegio.pt\/wp-content\/uploads\/2026\/04\/Programa-1.o-CEB-Open-Day_RCP.pdf\" target=\"_blank\" rel=\"noopener\">AQUI<\/a><span>.<\/span><\/p>\n<p>[\/et_pb_blurb][\/et_pb_column][\/et_pb_row][et_pb_row column_structure=&#8221;1_2,1_2&#8243; _builder_version=&#8221;4.9.4&#8243; _module_preset=&#8221;default&#8221;][et_pb_column type=&#8221;1_2&#8243; _builder_version=&#8221;4.9.4&#8243; _module_preset=&#8221;default&#8221;][et_pb_blurb title=&#8221;Descobrir Novos Caminhos&#8221; image=&#8221;https:\/\/realcolegio.pt\/wp-content\/uploads\/2026\/03\/OP-2o-Ciclo.png&#8221; alt=&#8221;Open Day 2.\u00ba Ciclo&#8221; _builder_version=&#8221;4.9.4&#8243; _module_preset=&#8221;default&#8221; custom_padding=&#8221;||9px|||&#8221; hover_enabled=&#8221;0&#8243; sticky_enabled=&#8221;0&#8243;]<\/p>\n<p>Neste momento de crescimento e transforma\u00e7\u00e3o, os alunos s\u00e3o desafiados a alargar horizontes, aprofundar conhecimentos e desenvolver uma maior autonomia no seu percurso escolar. Promovemos uma aprendizagem ativa, que estimula o pensamento cr\u00edtico, a responsabilidade e a confian\u00e7a, preparando cada aluno para enfrentar novos desafios.<\/p>\n<p><span>Consulte o programa para o 2.\u00ba CEB <\/span><a href=\"https:\/\/realcolegio.pt\/wp-content\/uploads\/2026\/04\/Programa-2.o-CEB-Open-Day_RCP.pdf\" target=\"_blank\" rel=\"noopener\">AQUI<\/a><span>.<\/span><\/p>\n<p>[\/et_pb_blurb][\/et_pb_column][et_pb_column type=&#8221;1_2&#8243; _builder_version=&#8221;4.9.4&#8243; _module_preset=&#8221;default&#8221;][et_pb_blurb title=&#8221;O Percurso para o Futuro&#8221; image=&#8221;https:\/\/realcolegio.pt\/wp-content\/uploads\/2026\/03\/OP-3o-Ciclo.png&#8221; alt=&#8221;Open Day 3.\u00ba Ciclo&#8221; _builder_version=&#8221;4.9.4&#8243; _module_preset=&#8221;default&#8221; min_height=&#8221;666.3px&#8221; hover_enabled=&#8221;0&#8243; sticky_enabled=&#8221;0&#8243;]<\/p>\n<p>Nesta etapa essencial, os alunos refor\u00e7am aprendizagens, afirmam a sua identidade e preparam-se para decis\u00f5es importantes no seu caminho acad\u00e9mico e pessoal. Fomentamos uma abordagem pedag\u00f3gica estruturada, que valoriza o pensamento cr\u00edtico, a autonomia e a responsabilidade, apoiando cada aluno a evoluir com seguran\u00e7a e confian\u00e7a.<\/p>\n<p><span>Consulte o programa para o 3.\u00ba CEB <\/span><a href=\"https:\/\/realcolegio.pt\/wp-content\/uploads\/2026\/04\/Programa-3.o-CEB-Open-Day_RCP.pdf\" target=\"_blank\" rel=\"noopener\">AQUI<\/a><span>.<\/span><\/p>\n<p>[\/et_pb_blurb][\/et_pb_column][\/et_pb_row][et_pb_row column_structure=&#8221;1_2,1_2&#8243; _builder_version=&#8221;4.9.4&#8243; _module_preset=&#8221;default&#8221;][et_pb_column type=&#8221;1_2&#8243; _builder_version=&#8221;4.9.4&#8243; _module_preset=&#8221;default&#8221;][et_pb_blurb title=&#8221;Projetar o Futuro&#8221; image=&#8221;https:\/\/realcolegio.pt\/wp-content\/uploads\/2026\/03\/OP-Secundario.png&#8221; alt=&#8221;Open Day Secund\u00e1rio&#8221; _builder_version=&#8221;4.9.4&#8243; _module_preset=&#8221;default&#8221; hover_enabled=&#8221;0&#8243; sticky_enabled=&#8221;0&#8243;]<\/p>\n<p>Nesta fase determinante, os alunos aprofundam conhecimentos, definem objetivos e preparam-se para os desafios do ensino superior e da vida profissional. Promovemos uma forma\u00e7\u00e3o s\u00f3lida e exigente, aliada ao desenvolvimento da autonomia, do pensamento cr\u00edtico e da capacidade de decis\u00e3o, apoiando cada aluno na constru\u00e7\u00e3o de um projeto de vida consciente e ambicioso.<\/p>\n<p><span>Consulte o programa para o Ensino Secund\u00e1rio <\/span><a href=\"https:\/\/realcolegio.pt\/wp-content\/uploads\/2026\/04\/Programa-Secundario-Open-Day_RCP.pdf\" target=\"_blank\" rel=\"noopener\">AQUI<\/a><span>.<\/span><\/p>\n<p>[\/et_pb_blurb][\/et_pb_column][et_pb_column type=&#8221;1_2&#8243; _builder_version=&#8221;4.9.4&#8243; _module_preset=&#8221;default&#8221;][\/et_pb_column][\/et_pb_row][et_pb_row column_structure=&#8221;1_2,1_2&#8243; admin_label=&#8221;row&#8221; _builder_version=&#8221;4.9.4&#8243; background_size=&#8221;initial&#8221; background_position=&#8221;top_left&#8221; background_repeat=&#8221;repeat&#8221;][et_pb_column type=&#8221;1_2&#8243; _builder_version=&#8221;3.25&#8243; custom_padding=&#8221;|||&#8221; custom_padding__hover=&#8221;|||&#8221;][\/et_pb_column][et_pb_column type=&#8221;1_2&#8243; _builder_version=&#8221;3.25&#8243; custom_padding=&#8221;|||&#8221; custom_padding__hover=&#8221;|||&#8221;][\/et_pb_column][\/et_pb_row][\/et_pb_section]<\/p>\n","protected":false},"excerpt":{"rendered":"<p>[et_pb_section fb_built=&#8221;1&#8243; admin_label=&#8221;section&#8221; _builder_version=&#8221;3.22&#8243;][et_pb_row _builder_version=&#8221;4.9.4&#8243; _module_preset=&#8221;default&#8221; min_height=&#8221;84px&#8221;][et_pb_column type=&#8221;4_4&#8243; _builder_version=&#8221;4.9.4&#8243; _module_preset=&#8221;default&#8221;][et_pb_image src=&#8221;https:\/\/realcolegio.pt\/wp-content\/uploads\/2026\/03\/Identidade-Open-Day-1.png&#8221; alt=&#8221;Identidade Open Day&#8221; title_text=&#8221;Identidade Open Day&#8221; align=&#8221;center&#8221; _builder_version=&#8221;4.9.4&#8243; _module_preset=&#8221;default&#8221;][\/et_pb_image][et_pb_text _builder_version=&#8221;4.9.4&#8243; _module_preset=&#8221;default&#8221;] No Real Col\u00e9gio de Portugal acreditamos que a educa\u00e7\u00e3o \u00e9, acima de tudo, uma jornada pessoal. Cada aluno traz consigo talentos, curiosidades, desafios e sonhos pr\u00f3prios. Por isso, o nosso Projeto Educativo assenta [&hellip;]<\/p>\n","protected":false},"author":2,"featured_media":7464,"parent":0,"menu_order":0,"comment_status":"closed","ping_status":"closed","template":"","meta":{"_acf_changed":false,"_et_pb_use_builder":"on","_et_pb_old_content":"<!-- wp:paragraph -->\n<p>Descubra a nossa oferta, o que quer aprender e aquilo que mais contribui para o seu desenvolvimento profissional e pessoal.<\/p>\n<!-- \/wp:paragraph -->\n\n<!-- wp:paragraph -->\n<p>Temos cursos, conte\u00fados e workshops dispon\u00edveis, para obter a forma\u00e7\u00e3o que mais precisa e estar melhor preparado para agarrar todas as oportunidades que surjam.<\/p>\n<!-- \/wp:paragraph -->\n\n<!-- wp:paragraph -->\n<p>O <strong>Grupo Ensinus<\/strong> e o<strong> Real Col\u00e9gio de Portugal<\/strong> promove a todas e a todos as melhores pr\u00e1ticas de capacita\u00e7\u00e3o de compet\u00eancias para o futuro.<\/p>\n<!-- \/wp:paragraph -->\n\n<!-- wp:paragraph -->\n<p><\/p>\n<!-- \/wp:paragraph -->\n\n<!-- wp:paragraph -->\n<p><a href=\"https:\/\/www.lidermaisdigital.pt\/curso\/?c=competencias-na-e-comunicacao-a5pfa-lisboa-e-vale-do-tejo\">https:\/\/www.lidermaisdigital.pt\/curso\/?c=competencias-na-e-comunicacao-a5pfa-lisboa-e-vale-do-tejo<\/a><\/p>\n<!-- \/wp:paragraph -->\n\n<!-- wp:paragraph -->\n<p><a href=\"https:\/\/www.lidermaisdigital.pt\/curso\/?c=competencias-na-e-lideranca-a6pfb-lisboa-e-vale-do-tejo\">https:\/\/www.lidermaisdigital.pt\/curso\/?c=competencias-na-e-lideranca-a6pfb-lisboa-e-vale-do-tejo<\/a><\/p>\n<!-- \/wp:paragraph -->","_et_gb_content_width":"","footnotes":""},"class_list":["post-5587","page","type-page","status-publish","has-post-thumbnail","hentry"],"acf":[],"_links":{"self":[{"href":"https:\/\/realcolegio.pt\/en\/wp-json\/wp\/v2\/pages\/5587","targetHints":{"allow":["GET"]}}],"collection":[{"href":"https:\/\/realcolegio.pt\/en\/wp-json\/wp\/v2\/pages"}],"about":[{"href":"https:\/\/realcolegio.pt\/en\/wp-json\/wp\/v2\/types\/page"}],"author":[{"embeddable":true,"href":"https:\/\/realcolegio.pt\/en\/wp-json\/wp\/v2\/users\/2"}],"replies":[{"embeddable":true,"href":"https:\/\/realcolegio.pt\/en\/wp-json\/wp\/v2\/comments?post=5587"}],"version-history":[{"count":13,"href":"https:\/\/realcolegio.pt\/en\/wp-json\/wp\/v2\/pages\/5587\/revisions"}],"predecessor-version":[{"id":7723,"href":"https:\/\/realcolegio.pt\/en\/wp-json\/wp\/v2\/pages\/5587\/revisions\/7723"}],"wp:featuredmedia":[{"embeddable":true,"href":"https:\/\/realcolegio.pt\/en\/wp-json\/wp\/v2\/media\/7464"}],"wp:attachment":[{"href":"https:\/\/realcolegio.pt\/en\/wp-json\/wp\/v2\/media?parent=5587"}],"curies":[{"name":"wp","href":"https:\/\/api.w.org\/{rel}","templated":true}]}}

<p>[et_pb_section fb_built=&#8221;1&#8243; admin_label=&#8221;section&#8221; _builder_version=&#8221;3.22&#8243;][et_pb_row _builder_version=&#8221;4.9.4&#8243; _module_preset=&#8221;default&#8221; min_height=&#8221;84px&#8221;][et_pb_column type=&#8221;4_4&#8243; _builder_version=&#8221;4.9.4&#8243; _module_preset=&#8221;default&#8221;][et_pb_image src=&#8221;https://realcolegio.pt/wp-content/uploads/2026/03/Identidade-Open-Day-1.png&#8221; alt=&#8221;Identidade Open Day&#8221; title_text=&#8221;Identidade Open Day&#8221; align=&#8221;center&#8221; _builder_version=&#8221;4.9.4&#8243; _module_preset=&#8221;default&#8221;][/et_pb_image][et_pb_text _builder_version=&#8221;4.9.4&#8243; _module_preset=&#8221;default&#8221;]</p>
<p><span>No Real Colégio de Portugal acreditamos que a educação é, acima de tudo, uma jornada pessoal. Cada aluno traz consigo talentos, curiosidades, desafios e sonhos próprios. Por isso, o nosso Projeto Educativo assenta numa convicção simples, mas profunda: </span><strong><span>cada aluno merece um percurso que respeite a sua individualidade e potencie o melhor de si. </span></strong><span></span></p>
<p><span>É com este espírito que organizamos o nosso </span><span class="il">Open </span><span class="il">Day</span><strong><span> no dia 16 de Abril 2026, às 16h30</span></strong><span>, um momento especial pensado para dar a conhecer a essência do RCP e de toda a nossa Comunidade Educativa. Ao longo desta visita, terá a oportunidade de </span><strong><span>conhecer as nossas instalações</span></strong><span>, c</span><strong><span>ompreender a nossa oferta formativa</span></strong><span> e </span><strong><span>estar em contacto direto com a equipa que acompanha diariamente as nossas alunas e alunos no seu desenvolvimento académico e pessoal</span></strong><span>. </span></p>
<p><span>Mais do que apresentar um colégio, </span><strong><span>queremos partilhar uma visão de educação pautada pela</span></strong><span> proximidade, exigência e valores humanistas, onde cada aluno é visto, ouvido e acompanhado de forma única. </span></p>
<p><span>Este será também um momento privilegiado para esclarecer questões, descobrir as diferentes etapas do percurso escolar no colégio, conhecer melhor as nossas atividades extracurriculares e os nossos parceiros, bem como perceber de que forma promovemos o desenvolvimento integral dos nossos alunos, preparando-os para os desafios do futuro com conhecimento, responsabilidade e confiança.</span></p>
<p><span>Consulte o programa geral do dia <a href="https://realcolegio.pt/wp-content/uploads/2026/03/Programa-Geral-Open-Day_RCP.pdf" target="_blank" rel="noopener">AQUI</a>.</span></p>
<p>[/et_pb_text][et_pb_button button_url=&#8221;https://forms.gle/1s98Gs3EgRt8MGMz6&#8243; url_new_window=&#8221;on&#8221; button_text=&#8221;Inscrições Aqui&#8221; button_alignment=&#8221;center&#8221; _builder_version=&#8221;4.9.4&#8243; _module_preset=&#8221;default&#8221; custom_button=&#8221;on&#8221; button_text_color=&#8221;#F9B91D&#8221; button_bg_color=&#8221;#0C71C3&#8243; custom_margin=&#8221;||25px|||&#8221; box_shadow_style=&#8221;preset1&#8243;][/et_pb_button][/et_pb_column][/et_pb_row][et_pb_row column_structure=&#8221;1_2,1_2&#8243; _builder_version=&#8221;4.9.4&#8243; _module_preset=&#8221;default&#8221;][et_pb_column type=&#8221;1_2&#8243; _builder_version=&#8221;4.9.4&#8243; _module_preset=&#8221;default&#8221;][et_pb_blurb title=&#8221;Os Primeiros Passos&#8221; image=&#8221;https://realcolegio.pt/wp-content/uploads/2026/03/OP-Pre-Escolar.png&#8221; alt=&#8221;Open Day Pré-Escolar&#8221; _builder_version=&#8221;4.9.4&#8243; _module_preset=&#8221;default&#8221; custom_padding=&#8221;||16px|||&#8221;]</p>
<p>Nesta fase tão especial, cada criança inicia o seu percurso de aprendizagem num ambiente seguro, acolhedor e estimulante, onde o brincar, a curiosidade e a descoberta caminham de mãos dadas. Valorizamos o ritmo individual de cada aluno, promovendo o desenvolvimento das suas competências sociais, emocionais e cognitivas desde os primeiros momentos.</p>
<p>Consulte o programa para a Pré <a href="https://realcolegio.pt/wp-content/uploads/2026/03/Open-Day_RCP_Programa_Pre.pdf" target="_blank" rel="noopener">AQUI</a>.</p>
<p>[/et_pb_blurb][/et_pb_column][et_pb_column type=&#8221;1_2&#8243; _builder_version=&#8221;4.9.4&#8243; _module_preset=&#8221;default&#8221;][et_pb_blurb title=&#8221;Explorar o Meu Caminho&#8221; image=&#8221;https://realcolegio.pt/wp-content/uploads/2026/03/OP-1o-ciclo.png&#8221; alt=&#8221;Open Day 1.º Ciclo&#8221; _builder_version=&#8221;4.9.4&#8243; _module_preset=&#8221;default&#8221; hover_enabled=&#8221;0&#8243; sticky_enabled=&#8221;0&#8243;]</p>
<p>Nesta etapa fundamental, cada aluno é incentivado a descobrir os seus interesses, desenvolver a sua autonomia e construir o seu próprio percurso de aprendizagem. Num ambiente dinâmico e estimulante, promovemos a curiosidade, o pensamento crítico e o gosto pelo saber, respeitando sempre o ritmo e as potencialidades de cada criança.</p>
<p><span>Consulte o programa para o 1.º CEB </span><a href="https://realcolegio.pt/wp-content/uploads/2026/04/Programa-1.o-CEB-Open-Day_RCP.pdf" target="_blank" rel="noopener">AQUI</a><span>.</span></p>
<p>[/et_pb_blurb][/et_pb_column][/et_pb_row][et_pb_row column_structure=&#8221;1_2,1_2&#8243; _builder_version=&#8221;4.9.4&#8243; _module_preset=&#8221;default&#8221;][et_pb_column type=&#8221;1_2&#8243; _builder_version=&#8221;4.9.4&#8243; _module_preset=&#8221;default&#8221;][et_pb_blurb title=&#8221;Descobrir Novos Caminhos&#8221; image=&#8221;https://realcolegio.pt/wp-content/uploads/2026/03/OP-2o-Ciclo.png&#8221; alt=&#8221;Open Day 2.º Ciclo&#8221; _builder_version=&#8221;4.9.4&#8243; _module_preset=&#8221;default&#8221; custom_padding=&#8221;||9px|||&#8221; hover_enabled=&#8221;0&#8243; sticky_enabled=&#8221;0&#8243;]</p>
<p>Neste momento de crescimento e transformação, os alunos são desafiados a alargar horizontes, aprofundar conhecimentos e desenvolver uma maior autonomia no seu percurso escolar. Promovemos uma aprendizagem ativa, que estimula o pensamento crítico, a responsabilidade e a confiança, preparando cada aluno para enfrentar novos desafios.</p>
<p><span>Consulte o programa para o 2.º CEB </span><a href="https://realcolegio.pt/wp-content/uploads/2026/04/Programa-2.o-CEB-Open-Day_RCP.pdf" target="_blank" rel="noopener">AQUI</a><span>.</span></p>
<p>[/et_pb_blurb][/et_pb_column][et_pb_column type=&#8221;1_2&#8243; _builder_version=&#8221;4.9.4&#8243; _module_preset=&#8221;default&#8221;][et_pb_blurb title=&#8221;O Percurso para o Futuro&#8221; image=&#8221;https://realcolegio.pt/wp-content/uploads/2026/03/OP-3o-Ciclo.png&#8221; alt=&#8221;Open Day 3.º Ciclo&#8221; _builder_version=&#8221;4.9.4&#8243; _module_preset=&#8221;default&#8221; min_height=&#8221;666.3px&#8221; hover_enabled=&#8221;0&#8243; sticky_enabled=&#8221;0&#8243;]</p>
<p>Nesta etapa essencial, os alunos reforçam aprendizagens, afirmam a sua identidade e preparam-se para decisões importantes no seu caminho académico e pessoal. Fomentamos uma abordagem pedagógica estruturada, que valoriza o pensamento crítico, a autonomia e a responsabilidade, apoiando cada aluno a evoluir com segurança e confiança.</p>
<p><span>Consulte o programa para o 3.º CEB </span><a href="https://realcolegio.pt/wp-content/uploads/2026/04/Programa-3.o-CEB-Open-Day_RCP.pdf" target="_blank" rel="noopener">AQUI</a><span>.</span></p>
<p>[/et_pb_blurb][/et_pb_column][/et_pb_row][et_pb_row column_structure=&#8221;1_2,1_2&#8243; _builder_version=&#8221;4.9.4&#8243; _module_preset=&#8221;default&#8221;][et_pb_column type=&#8221;1_2&#8243; _builder_version=&#8221;4.9.4&#8243; _module_preset=&#8221;default&#8221;][et_pb_blurb title=&#8221;Projetar o Futuro&#8221; image=&#8221;https://realcolegio.pt/wp-content/uploads/2026/03/OP-Secundario.png&#8221; alt=&#8221;Open Day Secundário&#8221; _builder_version=&#8221;4.9.4&#8243; _module_preset=&#8221;default&#8221; hover_enabled=&#8221;0&#8243; sticky_enabled=&#8221;0&#8243;]</p>
<p>Nesta fase determinante, os alunos aprofundam conhecimentos, definem objetivos e preparam-se para os desafios do ensino superior e da vida profissional. Promovemos uma formação sólida e exigente, aliada ao desenvolvimento da autonomia, do pensamento crítico e da capacidade de decisão, apoiando cada aluno na construção de um projeto de vida consciente e ambicioso.</p>
<p><span>Consulte o programa para o Ensino Secundário </span><a href="https://realcolegio.pt/wp-content/uploads/2026/04/Programa-Secundario-Open-Day_RCP.pdf" target="_blank" rel="noopener">AQUI</a><span>.</span></p>
<p>[/et_pb_blurb][/et_pb_column][et_pb_column type=&#8221;1_2&#8243; _builder_version=&#8221;4.9.4&#8243; _module_preset=&#8221;default&#8221;][/et_pb_column][/et_pb_row][et_pb_row column_structure=&#8221;1_2,1_2&#8243; admin_label=&#8221;row&#8221; _builder_version=&#8221;4.9.4&#8243; background_size=&#8221;initial&#8221; background_position=&#8221;top_left&#8221; background_repeat=&#8221;repeat&#8221;][et_pb_column type=&#8221;1_2&#8243; _builder_version=&#8221;3.25&#8243; custom_padding=&#8221;|||&#8221; custom_padding__hover=&#8221;|||&#8221;][/et_pb_column][et_pb_column type=&#8221;1_2&#8243; _builder_version=&#8221;3.25&#8243; custom_padding=&#8221;|||&#8221; custom_padding__hover=&#8221;|||&#8221;][/et_pb_column][/et_pb_row][/et_pb_section]</p>

<p>[et_pb_section fb_built=&#8221;1&#8243; admin_label=&#8221;section&#8221; _builder_version=&#8221;3.22&#8243;][et_pb_row _builder_version=&#8221;4.9.4&#8243; _module_preset=&#8221;default&#8221; min_height=&#8221;84px&#8221;][et_pb_column type=&#8221;4_4&#8243; _builder_version=&#8221;4.9.4&#8243; _module_preset=&#8221;default&#8221;][et_pb_image src=&#8221;https://realcolegio.pt/wp-content/uploads/2026/03/Identidade-Open-Day-1.png&#8221; alt=&#8221;Identidade Open Day&#8221; title_text=&#8221;Identidade Open Day&#8221; align=&#8221;center&#8221; _builder_version=&#8221;4.9.4&#8243; _module_preset=&#8221;default&#8221;][/et_pb_image][et_pb_text _builder_version=&#8221;4.9.4&#8243; _module_preset=&#8221;default&#8221;] No Real Colégio de Portugal acreditamos que a educação é, acima de tudo, uma jornada pessoal. Cada aluno traz consigo talentos, curiosidades, desafios e sonhos próprios. Por isso, o nosso Projeto Educativo assenta [&hellip;]</p>

<!-- wp:paragraph -->
<p>Descubra a nossa oferta, o que quer aprender e aquilo que mais contribui para o seu desenvolvimento profissional e pessoal.</p>
<!-- /wp:paragraph -->

<!-- wp:paragraph -->
<p>Temos cursos, conteúdos e workshops disponíveis, para obter a formação que mais precisa e estar melhor preparado para agarrar todas as oportunidades que surjam.</p>
<!-- /wp:paragraph -->

<!-- wp:paragraph -->
<p>O <strong>Grupo Ensinus</strong> e o<strong> Real Colégio de Portugal</strong> promove a todas e a todos as melhores práticas de capacitação de competências para o futuro.</p>
<!-- /wp:paragraph -->

<!-- wp:paragraph -->
<p></p>
<!-- /wp:paragraph -->

<!-- wp:paragraph -->
<p><a href="https://www.lidermaisdigital.pt/curso/?c=competencias-na-e-comunicacao-a5pfa-lisboa-e-vale-do-tejo">https://www.lidermaisdigital.pt/curso/?c=competencias-na-e-comunicacao-a5pfa-lisboa-e-vale-do-tejo</a></p>
<!-- /wp:paragraph -->

<!-- wp:paragraph -->
<p><a href="https://www.lidermaisdigital.pt/curso/?c=competencias-na-e-lideranca-a6pfb-lisboa-e-vale-do-tejo">https://www.lidermaisdigital.pt/curso/?c=competencias-na-e-lideranca-a6pfb-lisboa-e-vale-do-tejo</a></p>
<!-- /wp:paragraph -->
