{"id":5031,"date":"2024-07-25T10:51:20","date_gmt":"2024-07-25T09:51:20","guid":{"rendered":"https:\/\/www.realcolegio.pt\/?page_id=5031"},"modified":"2024-07-25T10:59:53","modified_gmt":"2024-07-25T09:59:53","slug":"legislacao","status":"publish","type":"page","link":"https:\/\/realcolegio.pt\/en\/legislacao\/","title":{"rendered":"Legisla\u00e7\u00e3o"},"content":{"rendered":"[et_pb_section fb_built=&#8221;1&#8243; admin_label=&#8221;section&#8221; _builder_version=&#8221;3.22&#8243;][et_pb_row admin_label=&#8221;row&#8221; _builder_version=&#8221;3.25&#8243; background_size=&#8221;initial&#8221; background_position=&#8221;top_left&#8221; background_repeat=&#8221;repeat&#8221;][et_pb_column type=&#8221;4_4&#8243; _builder_version=&#8221;3.25&#8243; custom_padding=&#8221;|||&#8221; custom_padding__hover=&#8221;|||&#8221;][et_pb_text admin_label=&#8221;Text&#8221; _builder_version=&#8221;3.27.4&#8243; background_size=&#8221;initial&#8221; background_position=&#8221;top_left&#8221; background_repeat=&#8221;repeat&#8221;]<p><\/p>\n<ul class=\"wp-block-list\">\n<ul><\/ul>\n<\/ul>\n<p>&nbsp;<\/p>\n<ul>\n<ul>\n<li><span style=\"font-size: x-large;\"><a href=\"https:\/\/diariodarepublica.pt\/dr\/detalhe\/deliberacao\/975-2024-873447635\" target=\"_blank\" rel=\"noreferrer noopener\"><strong>Delibera\u00e7\u00e3o n.\u00ba 975\/2024 <\/strong><\/a><\/span>&#8211; [Educa\u00e7\u00e3o, Ci\u00eancia e Inova\u00e7\u00e3o &#8211; Comiss\u00e3o Nacional de Acesso ao Ensino Superior] &#8211; Altera os requisitos de aceita\u00e7\u00e3o dos exames de disciplinas hom\u00f3nimas de cursos de ensino secund\u00e1rio estrangeiros\u00a0<\/li>\n<\/ul>\n<\/ul>\n<p><\/p>\n<p><\/p>\n<ul>\n<ul>\n<li><span style=\"font-size: x-large;\"><a href=\"https:\/\/diariodarepublica.pt\/dr\/detalhe\/deliberacao\/976-2024-873447636\" target=\"_blank\" rel=\"noreferrer noopener\"><strong>Delibera\u00e7\u00e3o n.\u00ba 976\/2024<\/strong><\/a><\/span>\u00a0&#8211; [Educa\u00e7\u00e3o, Ci\u00eancia e Inova\u00e7\u00e3o &#8211; Comiss\u00e3o Nacional de Acesso ao Ensino Superior] &#8211; <strong>Altera os sub elencos de provas de ingresso para o ano letivo de 2027-2028.<\/strong><\/li>\n<\/ul>\n<\/ul>\n<p><\/p>\n<p><\/p>[\/et_pb_text][\/et_pb_column][\/et_pb_row][\/et_pb_section]","protected":false},"excerpt":{"rendered":"<p>[et_pb_section fb_built=&#8221;1&#8243; admin_label=&#8221;section&#8221; _builder_version=&#8221;3.22&#8243;][et_pb_row admin_label=&#8221;row&#8221; _builder_version=&#8221;3.25&#8243; background_size=&#8221;initial&#8221; background_position=&#8221;top_left&#8221; background_repeat=&#8221;repeat&#8221;][et_pb_column type=&#8221;4_4&#8243; _builder_version=&#8221;3.25&#8243; custom_padding=&#8221;|||&#8221; custom_padding__hover=&#8221;|||&#8221;][et_pb_text admin_label=&#8221;Text&#8221; _builder_version=&#8221;3.27.4&#8243; background_size=&#8221;initial&#8221; background_position=&#8221;top_left&#8221; background_repeat=&#8221;repeat&#8221;] [\/et_pb_text][\/et_pb_column][\/et_pb_row][\/et_pb_section]<\/p>\n","protected":false},"author":2,"featured_media":0,"parent":0,"menu_order":0,"comment_status":"closed","ping_status":"closed","template":"","meta":{"_acf_changed":false,"_et_pb_use_builder":"on","_et_pb_old_content":"<!-- wp:list -->\n<ul><!-- wp:list-item -->\n<li><a href=\"https:\/\/diariodarepublica.pt\/dr\/detalhe\/deliberacao\/975-2024-873447635\" target=\"_blank\" rel=\"noreferrer noopener\"><strong>Delibera\u00e7\u00e3o n.\u00ba 975\/2024<\/strong><\/a><strong>-\u00a0<\/strong>[Educa\u00e7\u00e3o, Ci\u00eancia e Inova\u00e7\u00e3o - Comiss\u00e3o Nacional de Acesso ao Ensino Superior] - Altera os requisitos de aceita\u00e7\u00e3o dos exames de disciplinas hom\u00f3nimas de cursos de ensino secund\u00e1rio estrangeiros\u00a0<\/li>\n<!-- \/wp:list-item -->\n\n<!-- wp:list-item -->\n<li><a href=\"https:\/\/diariodarepublica.pt\/dr\/detalhe\/deliberacao\/976-2024-873447636\" target=\"_blank\" rel=\"noreferrer noopener\"><strong>Delibera\u00e7\u00e3o n.\u00ba 976\/2024<\/strong><\/a>\u00a0- [Educa\u00e7\u00e3o, Ci\u00eancia e Inova\u00e7\u00e3o - Comiss\u00e3o Nacional de Acesso ao Ensino Superior] - Altera os subelencos de provas de ingresso para o ano letivo de 2027-2028.<\/li>\n<!-- \/wp:list-item --><\/ul>\n<!-- \/wp:list -->","_et_gb_content_width":"","footnotes":""},"class_list":["post-5031","page","type-page","status-publish","hentry"],"acf":[],"_links":{"self":[{"href":"https:\/\/realcolegio.pt\/en\/wp-json\/wp\/v2\/pages\/5031","targetHints":{"allow":["GET"]}}],"collection":[{"href":"https:\/\/realcolegio.pt\/en\/wp-json\/wp\/v2\/pages"}],"about":[{"href":"https:\/\/realcolegio.pt\/en\/wp-json\/wp\/v2\/types\/page"}],"author":[{"embeddable":true,"href":"https:\/\/realcolegio.pt\/en\/wp-json\/wp\/v2\/users\/2"}],"replies":[{"embeddable":true,"href":"https:\/\/realcolegio.pt\/en\/wp-json\/wp\/v2\/comments?post=5031"}],"version-history":[{"count":4,"href":"https:\/\/realcolegio.pt\/en\/wp-json\/wp\/v2\/pages\/5031\/revisions"}],"predecessor-version":[{"id":5037,"href":"https:\/\/realcolegio.pt\/en\/wp-json\/wp\/v2\/pages\/5031\/revisions\/5037"}],"wp:attachment":[{"href":"https:\/\/realcolegio.pt\/en\/wp-json\/wp\/v2\/media?parent=5031"}],"curies":[{"name":"wp","href":"https:\/\/api.w.org\/{rel}","templated":true}]}}

Legislação

[et_pb_section fb_built=&#8221;1&#8243; admin_label=&#8221;section&#8221; _builder_version=&#8221;3.22&#8243;][et_pb_row admin_label=&#8221;row&#8221; _builder_version=&#8221;3.25&#8243; background_size=&#8221;initial&#8221; background_position=&#8221;top_left&#8221; background_repeat=&#8221;repeat&#8221;][et_pb_column type=&#8221;4_4&#8243; _builder_version=&#8221;3.25&#8243; custom_padding=&#8221;|||&#8221; custom_padding__hover=&#8221;|||&#8221;][et_pb_text admin_label=&#8221;Text&#8221; _builder_version=&#8221;3.27.4&#8243; background_size=&#8221;initial&#8221; background_position=&#8221;top_left&#8221; background_repeat=&#8221;repeat&#8221;]<p></p>
<ul class="wp-block-list">
<ul></ul>
</ul>
<p>&nbsp;</p>
<ul>
<ul>
<li><span style="font-size: x-large;"><a href="https://diariodarepublica.pt/dr/detalhe/deliberacao/975-2024-873447635" target="_blank" rel="noreferrer noopener"><strong>Deliberação n.º 975/2024 </strong></a></span>&#8211; [Educação, Ciência e Inovação &#8211; Comissão Nacional de Acesso ao Ensino Superior] &#8211; Altera os requisitos de aceitação dos exames de disciplinas homónimas de cursos de ensino secundário estrangeiros </li>
</ul>
</ul>
<p></p>
<p></p>
<ul>
<ul>
<li><span style="font-size: x-large;"><a href="https://diariodarepublica.pt/dr/detalhe/deliberacao/976-2024-873447636" target="_blank" rel="noreferrer noopener"><strong>Deliberação n.º 976/2024</strong></a></span> &#8211; [Educação, Ciência e Inovação &#8211; Comissão Nacional de Acesso ao Ensino Superior] &#8211; <strong>Altera os sub elencos de provas de ingresso para o ano letivo de 2027-2028.</strong></li>
</ul>
</ul>
<p></p>
<p></p>[/et_pb_text][/et_pb_column][/et_pb_row][/et_pb_section]

<!-- wp:list -->
<ul><!-- wp:list-item -->
<li><a href="https://diariodarepublica.pt/dr/detalhe/deliberacao/975-2024-873447635" target="_blank" rel="noreferrer noopener"><strong>Deliberação n.º 975/2024</strong></a><strong>- </strong>[Educação, Ciência e Inovação - Comissão Nacional de Acesso ao Ensino Superior] - Altera os requisitos de aceitação dos exames de disciplinas homónimas de cursos de ensino secundário estrangeiros </li>
<!-- /wp:list-item -->

<!-- wp:list-item -->
<li><a href="https://diariodarepublica.pt/dr/detalhe/deliberacao/976-2024-873447636" target="_blank" rel="noreferrer noopener"><strong>Deliberação n.º 976/2024</strong></a> - [Educação, Ciência e Inovação - Comissão Nacional de Acesso ao Ensino Superior] - Altera os subelencos de provas de ingresso para o ano letivo de 2027-2028.</li>
<!-- /wp:list-item --></ul>
<!-- /wp:list -->
