{"id":412,"date":"2021-06-15T10:18:19","date_gmt":"2021-06-15T10:18:19","guid":{"rendered":"https:\/\/rcp.blatstudio.com\/?page_id=412"},"modified":"2024-07-10T13:11:24","modified_gmt":"2024-07-10T12:11:24","slug":"escola-virtual-360-o","status":"publish","type":"page","link":"https:\/\/realcolegio.pt\/en\/alunos\/escola-virtual-360-o\/","title":{"rendered":"Servi\u00e7o RCP + Digital"},"content":{"rendered":"<p>[et_pb_section fb_built=&#8221;1&#8243; _builder_version=&#8221;4.9.4&#8243; _module_preset=&#8221;default&#8221;][et_pb_row _builder_version=&#8221;4.9.4&#8243; _module_preset=&#8221;b8b2270b-f71e-4a15-a3ff-3a16e4fe87f5&#8243; custom_margin=&#8221;||2rem||false|false&#8221;][et_pb_column type=&#8221;4_4&#8243; _builder_version=&#8221;4.9.4&#8243; _module_preset=&#8221;default&#8221;][\/et_pb_column][\/et_pb_row][et_pb_row _builder_version=&#8221;4.9.4&#8243; _module_preset=&#8221;default&#8221;][et_pb_column type=&#8221;4_4&#8243; _builder_version=&#8221;4.9.4&#8243; _module_preset=&#8221;default&#8221;][et_pb_image src=&#8221;https:\/\/realcolegio.pt\/wp-content\/uploads\/2022\/12\/unnamed-9.png&#8221; title_text=&#8221;unnamed (9)&#8221; _builder_version=&#8221;4.9.4&#8243; _module_preset=&#8221;default&#8221;][\/et_pb_image][\/et_pb_column][\/et_pb_row][et_pb_row _builder_version=&#8221;4.9.4&#8243; _module_preset=&#8221;default&#8221;][et_pb_column type=&#8221;4_4&#8243; _builder_version=&#8221;4.9.4&#8243; _module_preset=&#8221;default&#8221;][et_pb_text _builder_version=&#8221;4.9.4&#8243; _module_preset=&#8221;default&#8221;]<\/p>\n<blockquote>\n<p style=\"text-align: center;\">Um sistema que corresponde \u00e0s exig\u00eanciais atuais do ensino e que vai ao encontro das necessidades individuais de cada aluno. Somos + Digitais<\/p>\n<\/blockquote>\n<p>[\/et_pb_text][\/et_pb_column][\/et_pb_row][et_pb_row _builder_version=&#8221;4.9.4&#8243; _module_preset=&#8221;default&#8221;][et_pb_column type=&#8221;4_4&#8243; _builder_version=&#8221;4.9.4&#8243; _module_preset=&#8221;default&#8221;][et_pb_text _builder_version=&#8221;4.9.4&#8243; _module_preset=&#8221;default&#8221;]<\/p>\n<p><span>O Real Col\u00e9gio de Portugal desenvolveu uma proposta \u00fanica e diferenciada, que une os melhores conte\u00fados program\u00e1ticos de cada uma das editoras atrav\u00e9s de um sistema hibr\u00eddo que pretende dar uma resposta eficaz \u00e0s atuais necessidades do sistema educativo.\u00a0<\/span><\/p>\n<p><span>Os alunos do 1.\u00ba ao 12.\u00ba anos ir\u00e3o a usufruir do servi\u00e7o educativo <strong>\u201c<\/strong><\/span><strong><span class=\"il\">RCP<\/span>+<span class=\"il\">DIGITAL<\/span><\/strong><span><strong>\u201d<\/strong>, refor\u00e7ando a aposta nas tecnologias educativas com o apoio da Escola Virtual e da Aula\u00a0<\/span><span class=\"il\">Digital<\/span><span>\u00a0(da Porto Editora e do Grupo Leya, respetivamente).<\/span><\/p>\n<p><span>\u00a0A solu\u00e7\u00e3o escolhida pelo Col\u00e9gio permite a transi\u00e7\u00e3o dos\u00a0manuais\u00a0escolares em papel para\u00a0manuais\u00a0digitais, uniformizando-se tamb\u00e9m a utiliza\u00e7\u00e3o de dispositivos inform\u00e1ticos\u00a0 com o mesmo sistema operativo e incluindo softwares de seguran\u00e7a e de gest\u00e3o de dispositivos.<\/span><\/p>\n<p><span>As vantagens deste projeto s\u00e3o ineg\u00e1veis, come\u00e7ando pelas mais \u00f3bvias (ergon\u00f3micas, com a redu\u00e7\u00e3o do peso das mochilas), passando pelas possibilidades que se abrem no que concerne \u00e0 utiliza\u00e7\u00e3o de tecnologias educativas, com a maior motiva\u00e7\u00e3o dos alunos e uma melhor prepara\u00e7\u00e3o para o futuro. trabalham-se conte\u00fados dos programas curriculares e em simult\u00e2neo desenvolve-se a literacia <\/span><span class=\"il\">digital<\/span><span>, tendo em conta o perfil tra\u00e7ado para o aluno do s\u00e9culo XXI, e terminando na mais simples e otimizada transi\u00e7\u00e3o entre o ensino presencial e o ensino online, sempre que se justificar ou em complemento.<\/span><\/p>\n<p><span>Teremos ao dispor duas op\u00e7\u00f5es:<\/span><\/p>\n<p>[\/et_pb_text][\/et_pb_column][\/et_pb_row][\/et_pb_section][et_pb_section fb_built=&#8221;1&#8243; _builder_version=&#8221;4.9.4&#8243; _module_preset=&#8221;default&#8221; custom_padding=&#8221;0px||0px|||&#8221;][et_pb_row column_structure=&#8221;1_2,1_2&#8243; use_custom_gutter=&#8221;on&#8221; gutter_width=&#8221;1&#8243; make_equal=&#8221;on&#8221; _builder_version=&#8221;4.9.4&#8243; _module_preset=&#8221;default&#8221; custom_padding=&#8221;0px|0rem|0px|0rem|false|true&#8221;][et_pb_column type=&#8221;1_2&#8243; _builder_version=&#8221;4.9.4&#8243; _module_preset=&#8221;default&#8221; background_color=&#8221;#042D45&#8243; custom_padding=&#8221;4rem|4rem|4rem|4rem|true|true&#8221; custom_css_main_element=&#8221;display: flex;||flex-direction: column;||justify-content: space-between;&#8221; global_colors_info=&#8221;{}&#8221;][et_pb_blurb title=&#8221;Pacote A&#8221; content_max_width=&#8221;1100px&#8221; _builder_version=&#8221;4.9.4&#8243; _module_preset=&#8221;default&#8221; header_font=&#8221;|800||on|||||&#8221; header_text_align=&#8221;center&#8221; header_text_color=&#8221;#FFFFFF&#8221; header_font_size=&#8221;25px&#8221; header_line_height=&#8221;2em&#8221; background_layout=&#8221;dark&#8221; custom_margin=&#8221;0px||||false|false&#8221;]<\/p>\n<ul>\n<li>Licen\u00e7a anual institucional da Escola Virtual (Grupo Porto Editora);<\/li>\n<li>Licen\u00e7a institucional da Aula Digital (Grupo Leya);<\/li>\n<li>Manuais Digitais (inclui cadernos de atividades).<\/li>\n<\/ul>\n<p>[\/et_pb_blurb][\/et_pb_column][et_pb_column type=&#8221;1_2&#8243; _builder_version=&#8221;4.9.4&#8243; _module_preset=&#8221;default&#8221; background_color=&#8221;#F9B91D&#8221; custom_padding=&#8221;4rem|4rem|4rem|4rem|true|true&#8221; custom_css_main_element=&#8221;display: flex;||flex-direction: column;||justify-content: space-between;&#8221; global_colors_info=&#8221;{}&#8221;][et_pb_blurb title=&#8221;Pacote B&#8221; content_max_width=&#8221;1100px&#8221; _builder_version=&#8221;4.9.4&#8243; _module_preset=&#8221;default&#8221; header_font=&#8221;|800||on|||||&#8221; header_text_align=&#8221;center&#8221; header_text_color=&#8221;#042D45&#8243; header_font_size=&#8221;25px&#8221; header_line_height=&#8221;2em&#8221; custom_margin=&#8221;0px||0px||true|false&#8221;][\/et_pb_blurb][et_pb_blurb content_max_width=&#8221;1100px&#8221; _builder_version=&#8221;4.9.4&#8243; _module_preset=&#8221;default&#8221; header_font=&#8221;|800||on|||||&#8221; header_text_align=&#8221;center&#8221; header_text_color=&#8221;#042D45&#8243; header_font_size=&#8221;25px&#8221; header_line_height=&#8221;2em&#8221; custom_margin=&#8221;auto||auto||true|false&#8221;]<\/p>\n<ul>\n<li>Licen\u00e7a anual institucional da Escola Virtual (Grupo Porto Editora);<\/li>\n<li>Licen\u00e7a institucional da Aula Digital (Grupo Leya);\u00a0<\/li>\n<li>Manuais Digitais (inclui\u00a0 cadernos de atividades);<\/li>\n<li>Manuais F\u00edsicos de ambas as editoras<\/li>\n<\/ul>\n<p>[\/et_pb_blurb][\/et_pb_column][\/et_pb_row][\/et_pb_section][et_pb_section fb_built=&#8221;1&#8243; _builder_version=&#8221;4.9.4&#8243; _module_preset=&#8221;default&#8221;][et_pb_row column_structure=&#8221;1_2,1_2&#8243; _builder_version=&#8221;4.9.4&#8243; _module_preset=&#8221;b8b2270b-f71e-4a15-a3ff-3a16e4fe87f5&#8243;][et_pb_column type=&#8221;1_2&#8243; _builder_version=&#8221;4.9.4&#8243; _module_preset=&#8221;default&#8221;][et_pb_text _builder_version=&#8221;4.9.4&#8243; _module_preset=&#8221;87290259-4b7c-420f-94b4-055a3fc25617&#8243; custom_margin=&#8221;0px||1rem||false|false&#8221;]<\/p>\n<h2>Caracter\u00edsticas Tablet Recomendado:<\/h2>\n<p>[\/et_pb_text][et_pb_text _builder_version=&#8221;4.9.4&#8243; _module_preset=&#8221;default&#8221;]<\/p>\n<ul><\/ul>\n<ul>\n<li>&nbsp;2.Modelo Samsung Tab S6 Lite-Wifi;<\/li>\n<li>Apresenta uma S-Pen;<\/li>\n<li>Android 10;<\/li>\n<li>Tamanho: 10.4&#8243;<\/li>\n<li>Octa-core 2.3GHz<\/li>\n<li>4GB de Mem\u00f3ria RAM;<\/li>\n<li>64GB de armazenamento<\/li>\n<\/ul>\n<p>[\/et_pb_text][\/et_pb_column][et_pb_column type=&#8221;1_2&#8243; _builder_version=&#8221;4.9.4&#8243; _module_preset=&#8221;default&#8221;][et_pb_image src=&#8221;https:\/\/realcolegio.pt\/wp-content\/uploads\/2021\/08\/samsung-tab-s6-lite-4-64gb-s-pen-preto-deitado-s-pen-meo.png&#8221; title_text=&#8221;samsung-tab-s6-lite-4-64gb-s-pen-preto-deitado-s-pen-meo&#8221; _builder_version=&#8221;4.9.4&#8243; _module_preset=&#8221;default&#8221;][\/et_pb_image][\/et_pb_column][\/et_pb_row][et_pb_row _builder_version=&#8221;4.9.4&#8243; _module_preset=&#8221;default&#8221;][et_pb_column type=&#8221;4_4&#8243; _builder_version=&#8221;4.9.4&#8243; _module_preset=&#8221;default&#8221;][\/et_pb_column][\/et_pb_row][\/et_pb_section]<\/p>\n","protected":false},"excerpt":{"rendered":"<p>[et_pb_section fb_built=&#8221;1&#8243; _builder_version=&#8221;4.9.4&#8243; _module_preset=&#8221;default&#8221;][et_pb_row _builder_version=&#8221;4.9.4&#8243; _module_preset=&#8221;b8b2270b-f71e-4a15-a3ff-3a16e4fe87f5&#8243; custom_margin=&#8221;||2rem||false|false&#8221;][et_pb_column type=&#8221;4_4&#8243; _builder_version=&#8221;4.9.4&#8243; _module_preset=&#8221;default&#8221;][\/et_pb_column][\/et_pb_row][et_pb_row _builder_version=&#8221;4.9.4&#8243; _module_preset=&#8221;default&#8221;][et_pb_column type=&#8221;4_4&#8243; _builder_version=&#8221;4.9.4&#8243; _module_preset=&#8221;default&#8221;][et_pb_image src=&#8221;https:\/\/realcolegio.pt\/wp-content\/uploads\/2022\/12\/unnamed-9.png&#8221; title_text=&#8221;unnamed (9)&#8221; _builder_version=&#8221;4.9.4&#8243; _module_preset=&#8221;default&#8221;][\/et_pb_image][\/et_pb_column][\/et_pb_row][et_pb_row _builder_version=&#8221;4.9.4&#8243; _module_preset=&#8221;default&#8221;][et_pb_column type=&#8221;4_4&#8243; _builder_version=&#8221;4.9.4&#8243; _module_preset=&#8221;default&#8221;][et_pb_text _builder_version=&#8221;4.9.4&#8243; _module_preset=&#8221;default&#8221;] Um sistema que corresponde \u00e0s exig\u00eanciais atuais do ensino e que vai ao encontro das necessidades individuais de cada aluno. Somos + Digitais [\/et_pb_text][\/et_pb_column][\/et_pb_row][et_pb_row _builder_version=&#8221;4.9.4&#8243; _module_preset=&#8221;default&#8221;][et_pb_column type=&#8221;4_4&#8243; _builder_version=&#8221;4.9.4&#8243; [&hellip;]<\/p>\n","protected":false},"author":1,"featured_media":1528,"parent":81,"menu_order":0,"comment_status":"closed","ping_status":"closed","template":"","meta":{"_acf_changed":false,"_et_pb_use_builder":"on","_et_pb_old_content":"","_et_gb_content_width":"","footnotes":""},"class_list":["post-412","page","type-page","status-publish","has-post-thumbnail","hentry"],"acf":[],"_links":{"self":[{"href":"https:\/\/realcolegio.pt\/en\/wp-json\/wp\/v2\/pages\/412","targetHints":{"allow":["GET"]}}],"collection":[{"href":"https:\/\/realcolegio.pt\/en\/wp-json\/wp\/v2\/pages"}],"about":[{"href":"https:\/\/realcolegio.pt\/en\/wp-json\/wp\/v2\/types\/page"}],"author":[{"embeddable":true,"href":"https:\/\/realcolegio.pt\/en\/wp-json\/wp\/v2\/users\/1"}],"replies":[{"embeddable":true,"href":"https:\/\/realcolegio.pt\/en\/wp-json\/wp\/v2\/comments?post=412"}],"version-history":[{"count":27,"href":"https:\/\/realcolegio.pt\/en\/wp-json\/wp\/v2\/pages\/412\/revisions"}],"predecessor-version":[{"id":4989,"href":"https:\/\/realcolegio.pt\/en\/wp-json\/wp\/v2\/pages\/412\/revisions\/4989"}],"up":[{"embeddable":true,"href":"https:\/\/realcolegio.pt\/en\/wp-json\/wp\/v2\/pages\/81"}],"wp:featuredmedia":[{"embeddable":true,"href":"https:\/\/realcolegio.pt\/en\/wp-json\/wp\/v2\/media\/1528"}],"wp:attachment":[{"href":"https:\/\/realcolegio.pt\/en\/wp-json\/wp\/v2\/media?parent=412"}],"curies":[{"name":"wp","href":"https:\/\/api.w.org\/{rel}","templated":true}]}}

Serviço RCP + Digital

<p>[et_pb_section fb_built=&#8221;1&#8243; _builder_version=&#8221;4.9.4&#8243; _module_preset=&#8221;default&#8221;][et_pb_row _builder_version=&#8221;4.9.4&#8243; _module_preset=&#8221;b8b2270b-f71e-4a15-a3ff-3a16e4fe87f5&#8243; custom_margin=&#8221;||2rem||false|false&#8221;][et_pb_column type=&#8221;4_4&#8243; _builder_version=&#8221;4.9.4&#8243; _module_preset=&#8221;default&#8221;][/et_pb_column][/et_pb_row][et_pb_row _builder_version=&#8221;4.9.4&#8243; _module_preset=&#8221;default&#8221;][et_pb_column type=&#8221;4_4&#8243; _builder_version=&#8221;4.9.4&#8243; _module_preset=&#8221;default&#8221;][et_pb_image src=&#8221;https://realcolegio.pt/wp-content/uploads/2022/12/unnamed-9.png&#8221; title_text=&#8221;unnamed (9)&#8221; _builder_version=&#8221;4.9.4&#8243; _module_preset=&#8221;default&#8221;][/et_pb_image][/et_pb_column][/et_pb_row][et_pb_row _builder_version=&#8221;4.9.4&#8243; _module_preset=&#8221;default&#8221;][et_pb_column type=&#8221;4_4&#8243; _builder_version=&#8221;4.9.4&#8243; _module_preset=&#8221;default&#8221;][et_pb_text _builder_version=&#8221;4.9.4&#8243; _module_preset=&#8221;default&#8221;]</p>
<blockquote>
<p style="text-align: center;">Um sistema que corresponde às exigênciais atuais do ensino e que vai ao encontro das necessidades individuais de cada aluno. Somos + Digitais</p>
</blockquote>
<p>[/et_pb_text][/et_pb_column][/et_pb_row][et_pb_row _builder_version=&#8221;4.9.4&#8243; _module_preset=&#8221;default&#8221;][et_pb_column type=&#8221;4_4&#8243; _builder_version=&#8221;4.9.4&#8243; _module_preset=&#8221;default&#8221;][et_pb_text _builder_version=&#8221;4.9.4&#8243; _module_preset=&#8221;default&#8221;]</p>
<p><span>O Real Colégio de Portugal desenvolveu uma proposta única e diferenciada, que une os melhores conteúdos programáticos de cada uma das editoras através de um sistema hibrído que pretende dar uma resposta eficaz às atuais necessidades do sistema educativo. </span></p>
<p><span>Os alunos do 1.º ao 12.º anos irão a usufruir do serviço educativo <strong>“</strong></span><strong><span class="il">RCP</span>+<span class="il">DIGITAL</span></strong><span><strong>”</strong>, reforçando a aposta nas tecnologias educativas com o apoio da Escola Virtual e da Aula </span><span class="il">Digital</span><span> (da Porto Editora e do Grupo Leya, respetivamente).</span></p>
<p><span> A solução escolhida pelo Colégio permite a transição dos manuais escolares em papel para manuais digitais, uniformizando-se também a utilização de dispositivos informáticos  com o mesmo sistema operativo e incluindo softwares de segurança e de gestão de dispositivos.</span></p>
<p><span>As vantagens deste projeto são inegáveis, começando pelas mais óbvias (ergonómicas, com a redução do peso das mochilas), passando pelas possibilidades que se abrem no que concerne à utilização de tecnologias educativas, com a maior motivação dos alunos e uma melhor preparação para o futuro. trabalham-se conteúdos dos programas curriculares e em simultâneo desenvolve-se a literacia </span><span class="il">digital</span><span>, tendo em conta o perfil traçado para o aluno do século XXI, e terminando na mais simples e otimizada transição entre o ensino presencial e o ensino online, sempre que se justificar ou em complemento.</span></p>
<p><span>Teremos ao dispor duas opções:</span></p>
<p>[/et_pb_text][/et_pb_column][/et_pb_row][/et_pb_section][et_pb_section fb_built=&#8221;1&#8243; _builder_version=&#8221;4.9.4&#8243; _module_preset=&#8221;default&#8221; custom_padding=&#8221;0px||0px|||&#8221;][et_pb_row column_structure=&#8221;1_2,1_2&#8243; use_custom_gutter=&#8221;on&#8221; gutter_width=&#8221;1&#8243; make_equal=&#8221;on&#8221; _builder_version=&#8221;4.9.4&#8243; _module_preset=&#8221;default&#8221; custom_padding=&#8221;0px|0rem|0px|0rem|false|true&#8221;][et_pb_column type=&#8221;1_2&#8243; _builder_version=&#8221;4.9.4&#8243; _module_preset=&#8221;default&#8221; background_color=&#8221;#042D45&#8243; custom_padding=&#8221;4rem|4rem|4rem|4rem|true|true&#8221; custom_css_main_element=&#8221;display: flex;||flex-direction: column;||justify-content: space-between;&#8221; global_colors_info=&#8221;{}&#8221;][et_pb_blurb title=&#8221;Pacote A&#8221; content_max_width=&#8221;1100px&#8221; _builder_version=&#8221;4.9.4&#8243; _module_preset=&#8221;default&#8221; header_font=&#8221;|800||on|||||&#8221; header_text_align=&#8221;center&#8221; header_text_color=&#8221;#FFFFFF&#8221; header_font_size=&#8221;25px&#8221; header_line_height=&#8221;2em&#8221; background_layout=&#8221;dark&#8221; custom_margin=&#8221;0px||||false|false&#8221;]</p>
<ul>
<li>Licença anual institucional da Escola Virtual (Grupo Porto Editora);</li>
<li>Licença institucional da Aula Digital (Grupo Leya);</li>
<li>Manuais Digitais (inclui cadernos de atividades).</li>
</ul>
<p>[/et_pb_blurb][/et_pb_column][et_pb_column type=&#8221;1_2&#8243; _builder_version=&#8221;4.9.4&#8243; _module_preset=&#8221;default&#8221; background_color=&#8221;#F9B91D&#8221; custom_padding=&#8221;4rem|4rem|4rem|4rem|true|true&#8221; custom_css_main_element=&#8221;display: flex;||flex-direction: column;||justify-content: space-between;&#8221; global_colors_info=&#8221;{}&#8221;][et_pb_blurb title=&#8221;Pacote B&#8221; content_max_width=&#8221;1100px&#8221; _builder_version=&#8221;4.9.4&#8243; _module_preset=&#8221;default&#8221; header_font=&#8221;|800||on|||||&#8221; header_text_align=&#8221;center&#8221; header_text_color=&#8221;#042D45&#8243; header_font_size=&#8221;25px&#8221; header_line_height=&#8221;2em&#8221; custom_margin=&#8221;0px||0px||true|false&#8221;][/et_pb_blurb][et_pb_blurb content_max_width=&#8221;1100px&#8221; _builder_version=&#8221;4.9.4&#8243; _module_preset=&#8221;default&#8221; header_font=&#8221;|800||on|||||&#8221; header_text_align=&#8221;center&#8221; header_text_color=&#8221;#042D45&#8243; header_font_size=&#8221;25px&#8221; header_line_height=&#8221;2em&#8221; custom_margin=&#8221;auto||auto||true|false&#8221;]</p>
<ul>
<li>Licença anual institucional da Escola Virtual (Grupo Porto Editora);</li>
<li>Licença institucional da Aula Digital (Grupo Leya); </li>
<li>Manuais Digitais (inclui  cadernos de atividades);</li>
<li>Manuais Físicos de ambas as editoras</li>
</ul>
<p>[/et_pb_blurb][/et_pb_column][/et_pb_row][/et_pb_section][et_pb_section fb_built=&#8221;1&#8243; _builder_version=&#8221;4.9.4&#8243; _module_preset=&#8221;default&#8221;][et_pb_row column_structure=&#8221;1_2,1_2&#8243; _builder_version=&#8221;4.9.4&#8243; _module_preset=&#8221;b8b2270b-f71e-4a15-a3ff-3a16e4fe87f5&#8243;][et_pb_column type=&#8221;1_2&#8243; _builder_version=&#8221;4.9.4&#8243; _module_preset=&#8221;default&#8221;][et_pb_text _builder_version=&#8221;4.9.4&#8243; _module_preset=&#8221;87290259-4b7c-420f-94b4-055a3fc25617&#8243; custom_margin=&#8221;0px||1rem||false|false&#8221;]</p>
<h2>Características Tablet Recomendado:</h2>
<p>[/et_pb_text][et_pb_text _builder_version=&#8221;4.9.4&#8243; _module_preset=&#8221;default&#8221;]</p>
<ul></ul>
<ul>
<li>&nbsp;2.Modelo Samsung Tab S6 Lite-Wifi;</li>
<li>Apresenta uma S-Pen;</li>
<li>Android 10;</li>
<li>Tamanho: 10.4&#8243;</li>
<li>Octa-core 2.3GHz</li>
<li>4GB de Memória RAM;</li>
<li>64GB de armazenamento</li>
</ul>
<p>[/et_pb_text][/et_pb_column][et_pb_column type=&#8221;1_2&#8243; _builder_version=&#8221;4.9.4&#8243; _module_preset=&#8221;default&#8221;][et_pb_image src=&#8221;https://realcolegio.pt/wp-content/uploads/2021/08/samsung-tab-s6-lite-4-64gb-s-pen-preto-deitado-s-pen-meo.png&#8221; title_text=&#8221;samsung-tab-s6-lite-4-64gb-s-pen-preto-deitado-s-pen-meo&#8221; _builder_version=&#8221;4.9.4&#8243; _module_preset=&#8221;default&#8221;][/et_pb_image][/et_pb_column][/et_pb_row][et_pb_row _builder_version=&#8221;4.9.4&#8243; _module_preset=&#8221;default&#8221;][et_pb_column type=&#8221;4_4&#8243; _builder_version=&#8221;4.9.4&#8243; _module_preset=&#8221;default&#8221;][/et_pb_column][/et_pb_row][/et_pb_section]</p>

<p>[et_pb_section fb_built=&#8221;1&#8243; _builder_version=&#8221;4.9.4&#8243; _module_preset=&#8221;default&#8221;][et_pb_row _builder_version=&#8221;4.9.4&#8243; _module_preset=&#8221;b8b2270b-f71e-4a15-a3ff-3a16e4fe87f5&#8243; custom_margin=&#8221;||2rem||false|false&#8221;][et_pb_column type=&#8221;4_4&#8243; _builder_version=&#8221;4.9.4&#8243; _module_preset=&#8221;default&#8221;][/et_pb_column][/et_pb_row][et_pb_row _builder_version=&#8221;4.9.4&#8243; _module_preset=&#8221;default&#8221;][et_pb_column type=&#8221;4_4&#8243; _builder_version=&#8221;4.9.4&#8243; _module_preset=&#8221;default&#8221;][et_pb_image src=&#8221;https://realcolegio.pt/wp-content/uploads/2022/12/unnamed-9.png&#8221; title_text=&#8221;unnamed (9)&#8221; _builder_version=&#8221;4.9.4&#8243; _module_preset=&#8221;default&#8221;][/et_pb_image][/et_pb_column][/et_pb_row][et_pb_row _builder_version=&#8221;4.9.4&#8243; _module_preset=&#8221;default&#8221;][et_pb_column type=&#8221;4_4&#8243; _builder_version=&#8221;4.9.4&#8243; _module_preset=&#8221;default&#8221;][et_pb_text _builder_version=&#8221;4.9.4&#8243; _module_preset=&#8221;default&#8221;] Um sistema que corresponde às exigênciais atuais do ensino e que vai ao encontro das necessidades individuais de cada aluno. Somos + Digitais [/et_pb_text][/et_pb_column][/et_pb_row][et_pb_row _builder_version=&#8221;4.9.4&#8243; _module_preset=&#8221;default&#8221;][et_pb_column type=&#8221;4_4&#8243; _builder_version=&#8221;4.9.4&#8243; [&hellip;]</p>
